{"id":569,"date":"2015-08-04T08:33:28","date_gmt":"2015-08-04T08:33:28","guid":{"rendered":"http:\/\/woodworker.thememove.com\/demo\/?page_id=77"},"modified":"2020-02-21T14:36:12","modified_gmt":"2020-02-21T13:36:12","slug":"services","status":"publish","type":"page","link":"https:\/\/scierie-nogaret.com\/index.php\/services\/","title":{"rendered":"Charpentes taill\u00e9es"},"content":{"rendered":"<div class=\"vc_row wpb_row vc_row-fluid\"><div class=\"wpb_column vc_column_container vc_col-sm-4\"><div class=\"wpb_wrapper\">\n\t<div class=\"wpb_single_image wpb_content_element vc_align_left  wpb_animate_when_almost_visible wpb_top-to-bottom\">\n\t\t<div class=\"wpb_wrapper\">\n\t\t\t\n\t\t\t<div class=\"vc_single_image-wrapper   vc_box_border_grey\"><img width=\"980\" height=\"465\" src=\"https:\/\/scierie-nogaret.com\/wp-content\/uploads\/2015\/08\/Charpente-trad1.jpg\" class=\"vc_single_image-img attachment-full\" alt=\"\" decoding=\"async\" loading=\"lazy\" srcset=\"https:\/\/scierie-nogaret.com\/wp-content\/uploads\/2015\/08\/Charpente-trad1.jpg 980w, https:\/\/scierie-nogaret.com\/wp-content\/uploads\/2015\/08\/Charpente-trad1-300x142.jpg 300w, https:\/\/scierie-nogaret.com\/wp-content\/uploads\/2015\/08\/Charpente-trad1-768x364.jpg 768w\" sizes=\"(max-width: 980px) 100vw, 980px\" \/><\/div>\n\t\t<\/div>\n\t<\/div>\n<\/div><\/div><div class=\"wpb_column vc_column_container vc_col-sm-8\"><div class=\"wpb_wrapper\">\n\t<div class=\"wpb_single_image wpb_content_element vc_align_left  wpb_animate_when_almost_visible wpb_top-to-bottom\">\n\t\t<div class=\"wpb_wrapper\">\n\t\t\t\n\t\t\t<div class=\"vc_single_image-wrapper   vc_box_border_grey\"><img width=\"2080\" height=\"483\" src=\"https:\/\/scierie-nogaret.com\/wp-content\/uploads\/2015\/08\/Charpente-trad2.jpg\" class=\"vc_single_image-img attachment-full\" alt=\"\" decoding=\"async\" loading=\"lazy\" srcset=\"https:\/\/scierie-nogaret.com\/wp-content\/uploads\/2015\/08\/Charpente-trad2.jpg 2080w, https:\/\/scierie-nogaret.com\/wp-content\/uploads\/2015\/08\/Charpente-trad2-300x70.jpg 300w, https:\/\/scierie-nogaret.com\/wp-content\/uploads\/2015\/08\/Charpente-trad2-768x178.jpg 768w, https:\/\/scierie-nogaret.com\/wp-content\/uploads\/2015\/08\/Charpente-trad2-1024x238.jpg 1024w\" sizes=\"(max-width: 2080px) 100vw, 2080px\" \/><\/div>\n\t\t<\/div>\n\t<\/div>\n<\/div><\/div><\/div><div class=\"vc_row wpb_row vc_row-fluid\"><div class=\"wpb_column vc_column_container vc_col-sm-12\"><div class=\"wpb_wrapper\"><div class=\"vc_custom_heading\" ><h2 style=\"font-size: 21px;text-align: left;font-family:Abril Fatface;font-weight:400;font-style:normal\" >Nous \u00e9tudions tout type de charpente, de la plus simple \u00e0 la plus complexe.<\/h2><\/div><div class=\"vc_empty_space\"  style=\"height: 10px\" ><span\n\t\tclass=\"vc_empty_space_inner\"><\/span><\/div>\n<div class=\"vc_row wpb_row vc_inner vc_row-fluid\"><div class=\"wpb_column vc_column_container vc_col-sm-3\"><div class=\"wpb_wrapper\"><div class=\"vc_empty_space\"  style=\"height: 10px\" ><span\n\t\tclass=\"vc_empty_space_inner\"><\/span><\/div>\n<div class=\"vc_empty_space\"  style=\"height: 8px\" ><span\n\t\tclass=\"vc_empty_space_inner\"><\/span><\/div>\n\n\t<div class=\"wpb_text_column wpb_content_element \">\n\t\t<div class=\"wpb_wrapper\">\n\t\t\t<h5><strong>\u2022 Nos charpentes sont taill\u00e9es en atelier, pr\u00eates \u00e0 poser, avec le plus souvent des assemblages tenon-mortaise avec cheville bois.<\/strong><\/h5>\n\n\t\t<\/div>\n\t<\/div>\n\n\t<div class=\"wpb_text_column wpb_content_element \">\n\t\t<div class=\"wpb_wrapper\">\n\t\t\t<h5>\u2022 Nous sommes en mesure d\u2019assurer le montage sur votre chantier.<\/h5>\n\n\t\t<\/div>\n\t<\/div>\n<\/div><\/div><div class=\"wpb_column vc_column_container vc_col-sm-6\"><div class=\"wpb_wrapper\">\n\t<div class=\"wpb_single_image wpb_content_element vc_align_left\">\n\t\t<div class=\"wpb_wrapper\">\n\t\t\t\n\t\t\t<div class=\"vc_single_image-wrapper   vc_box_border_grey\"><img width=\"614\" height=\"390\" src=\"https:\/\/scierie-nogaret.com\/wp-content\/uploads\/2015\/08\/GRUE-CHARPENTE.jpg\" class=\"vc_single_image-img attachment-full\" alt=\"\" decoding=\"async\" loading=\"lazy\" srcset=\"https:\/\/scierie-nogaret.com\/wp-content\/uploads\/2015\/08\/GRUE-CHARPENTE.jpg 614w, https:\/\/scierie-nogaret.com\/wp-content\/uploads\/2015\/08\/GRUE-CHARPENTE-300x191.jpg 300w\" sizes=\"(max-width: 614px) 100vw, 614px\" \/><\/div>\n\t\t<\/div>\n\t<\/div>\n<\/div><\/div><div class=\"wpb_column vc_column_container vc_col-sm-3\"><div class=\"wpb_wrapper\">\n\t<div class=\"wpb_single_image wpb_content_element vc_align_left\">\n\t\t<div class=\"wpb_wrapper\">\n\t\t\t\n\t\t\t<div class=\"vc_single_image-wrapper   vc_box_border_grey\"><img width=\"430\" height=\"250\" src=\"https:\/\/scierie-nogaret.com\/wp-content\/uploads\/2015\/08\/CHEVILLE.jpg\" class=\"vc_single_image-img attachment-full\" alt=\"\" decoding=\"async\" loading=\"lazy\" srcset=\"https:\/\/scierie-nogaret.com\/wp-content\/uploads\/2015\/08\/CHEVILLE.jpg 430w, https:\/\/scierie-nogaret.com\/wp-content\/uploads\/2015\/08\/CHEVILLE-300x174.jpg 300w\" sizes=\"(max-width: 430px) 100vw, 430px\" \/><\/div>\n\t\t<\/div>\n\t<\/div>\n\n\t<div class=\"wpb_single_image wpb_content_element vc_align_left\">\n\t\t<div class=\"wpb_wrapper\">\n\t\t\t\n\t\t\t<div class=\"vc_single_image-wrapper   vc_box_border_grey\"><img width=\"480\" height=\"306\" src=\"https:\/\/scierie-nogaret.com\/wp-content\/uploads\/2015\/08\/CHARP-TRAD5.jpg\" class=\"vc_single_image-img attachment-full\" alt=\"\" decoding=\"async\" loading=\"lazy\" srcset=\"https:\/\/scierie-nogaret.com\/wp-content\/uploads\/2015\/08\/CHARP-TRAD5.jpg 480w, https:\/\/scierie-nogaret.com\/wp-content\/uploads\/2015\/08\/CHARP-TRAD5-300x191.jpg 300w\" sizes=\"(max-width: 480px) 100vw, 480px\" \/><\/div>\n\t\t<\/div>\n\t<\/div>\n<\/div><\/div><\/div><\/div><\/div><\/div><div class=\"vc_row wpb_row vc_row-fluid\"><div class=\"wpb_column vc_column_container vc_col-sm-12\"><div class=\"wpb_wrapper\"><div class=\"vc_custom_heading\" ><h2 style=\"font-size: 18px;text-align: left;font-family:Abril Fatface;font-weight:400;font-style:normal\" >Quelques exemples :<\/h2><\/div><div class=\"vc_row wpb_row vc_inner vc_row-fluid\"><div class=\"wpb_column vc_column_container vc_col-sm-2 vc_custom_1460982511952\"><div class=\"wpb_wrapper\">\n\t<div class=\"wpb_single_image wpb_content_element vc_align_left  wpb_animate_when_almost_visible wpb_appear\">\n\t\t<div class=\"wpb_wrapper\">\n\t\t\t\n\t\t\t<a class=\"prettyphoto\" rel=\"prettyPhoto[rel-569-1998616121]\" href=\"https:\/\/scierie-nogaret.com\/wp-content\/uploads\/2015\/08\/1-pente.jpg\" target=\"_self\"><div class=\"vc_single_image-wrapper   vc_box_border_grey\"><img width=\"300\" height=\"211\" src=\"https:\/\/scierie-nogaret.com\/wp-content\/uploads\/2015\/08\/1-pente-300x211.jpg\" class=\"vc_single_image-img attachment-medium\" alt=\"\" decoding=\"async\" loading=\"lazy\" srcset=\"https:\/\/scierie-nogaret.com\/wp-content\/uploads\/2015\/08\/1-pente-300x211.jpg 300w, https:\/\/scierie-nogaret.com\/wp-content\/uploads\/2015\/08\/1-pente.jpg 564w\" sizes=\"(max-width: 300px) 100vw, 300px\" \/><\/div><\/a>\n\t\t<\/div>\n\t<\/div>\n<div class=\"vc_custom_heading\" ><h2 style=\"font-size: 12px;text-align: left\" >Abri voiture mono-pente sur poteaux bois<\/h2><\/div><\/div><\/div><div class=\"wpb_column vc_column_container vc_col-sm-2 vc_custom_1460982492281\"><div class=\"wpb_wrapper\">\n\t<div class=\"wpb_single_image wpb_content_element vc_align_left  wpb_animate_when_almost_visible wpb_appear\">\n\t\t<div class=\"wpb_wrapper\">\n\t\t\t\n\t\t\t<a class=\"prettyphoto\" rel=\"prettyPhoto[rel-569-615624937]\" href=\"https:\/\/scierie-nogaret.com\/wp-content\/uploads\/2015\/08\/2-pentes-moisees.jpg\" target=\"_self\"><div class=\"vc_single_image-wrapper   vc_box_border_grey\"><img width=\"300\" height=\"211\" src=\"https:\/\/scierie-nogaret.com\/wp-content\/uploads\/2015\/08\/2-pentes-moisees-300x211.jpg\" class=\"vc_single_image-img attachment-medium\" alt=\"\" decoding=\"async\" loading=\"lazy\" srcset=\"https:\/\/scierie-nogaret.com\/wp-content\/uploads\/2015\/08\/2-pentes-moisees-300x211.jpg 300w, https:\/\/scierie-nogaret.com\/wp-content\/uploads\/2015\/08\/2-pentes-moisees.jpg 564w\" sizes=\"(max-width: 300px) 100vw, 300px\" \/><\/div><\/a>\n\t\t<\/div>\n\t<\/div>\n<div class=\"vc_custom_heading\" ><h2 style=\"font-size: 12px;text-align: left\" >Ferme mois\u00e9e 2 pentes sur poteaux b\u00e9ton<\/h2><\/div><\/div><\/div><div class=\"wpb_column vc_column_container vc_col-sm-2 vc_custom_1460982474527\"><div class=\"wpb_wrapper\">\n\t<div class=\"wpb_single_image wpb_content_element vc_align_left  wpb_animate_when_almost_visible wpb_appear\">\n\t\t<div class=\"wpb_wrapper\">\n\t\t\t\n\t\t\t<a class=\"prettyphoto\" rel=\"prettyPhoto[rel-569-1354051067]\" href=\"https:\/\/scierie-nogaret.com\/wp-content\/uploads\/2015\/08\/4-penteS.jpg\" target=\"_self\"><div class=\"vc_single_image-wrapper   vc_box_border_grey\"><img width=\"300\" height=\"211\" src=\"https:\/\/scierie-nogaret.com\/wp-content\/uploads\/2015\/08\/4-penteS-300x211.jpg\" class=\"vc_single_image-img attachment-medium\" alt=\"\" decoding=\"async\" loading=\"lazy\" srcset=\"https:\/\/scierie-nogaret.com\/wp-content\/uploads\/2015\/08\/4-penteS-300x211.jpg 300w, https:\/\/scierie-nogaret.com\/wp-content\/uploads\/2015\/08\/4-penteS.jpg 564w\" sizes=\"(max-width: 300px) 100vw, 300px\" \/><\/div><\/a>\n\t\t<\/div>\n\t<\/div>\n<div class=\"vc_custom_heading\" ><h2 style=\"font-size: 12px;text-align: left\" >Toit 4 pentes sur ma\u00e7onnerie<\/h2><\/div><\/div><\/div><div class=\"wpb_column vc_column_container vc_col-sm-2 vc_custom_1460982459496\"><div class=\"wpb_wrapper\">\n\t<div class=\"wpb_single_image wpb_content_element vc_align_left  wpb_animate_when_almost_visible wpb_appear\">\n\t\t<div class=\"wpb_wrapper\">\n\t\t\t\n\t\t\t<a class=\"prettyphoto\" rel=\"prettyPhoto[rel-569-527734435]\" href=\"https:\/\/scierie-nogaret.com\/wp-content\/uploads\/2015\/08\/HANGAR.jpg\" target=\"_self\"><div class=\"vc_single_image-wrapper   vc_box_border_grey\"><img width=\"300\" height=\"211\" src=\"https:\/\/scierie-nogaret.com\/wp-content\/uploads\/2015\/08\/HANGAR-300x211.jpg\" class=\"vc_single_image-img attachment-medium\" alt=\"\" decoding=\"async\" loading=\"lazy\" srcset=\"https:\/\/scierie-nogaret.com\/wp-content\/uploads\/2015\/08\/HANGAR-300x211.jpg 300w, https:\/\/scierie-nogaret.com\/wp-content\/uploads\/2015\/08\/HANGAR.jpg 564w\" sizes=\"(max-width: 300px) 100vw, 300px\" \/><\/div><\/a>\n\t\t<\/div>\n\t<\/div>\n<div class=\"vc_custom_heading\" ><h2 style=\"font-size: 12px;text-align: left\" >Hangar sur poteaux bois<\/h2><\/div><\/div><\/div><div class=\"wpb_column vc_column_container vc_col-sm-2 vc_custom_1460982442131\"><div class=\"wpb_wrapper\">\n\t<div class=\"wpb_single_image wpb_content_element vc_align_left  wpb_animate_when_almost_visible wpb_appear\">\n\t\t<div class=\"wpb_wrapper\">\n\t\t\t\n\t\t\t<a class=\"prettyphoto\" rel=\"prettyPhoto[rel-569-233071456]\" href=\"https:\/\/scierie-nogaret.com\/wp-content\/uploads\/2015\/08\/Rayonnant.jpg\" target=\"_self\"><div class=\"vc_single_image-wrapper   vc_box_border_grey\"><img width=\"300\" height=\"211\" src=\"https:\/\/scierie-nogaret.com\/wp-content\/uploads\/2015\/08\/Rayonnant-300x211.jpg\" class=\"vc_single_image-img attachment-medium\" alt=\"\" decoding=\"async\" loading=\"lazy\" srcset=\"https:\/\/scierie-nogaret.com\/wp-content\/uploads\/2015\/08\/Rayonnant-300x211.jpg 300w, https:\/\/scierie-nogaret.com\/wp-content\/uploads\/2015\/08\/Rayonnant.jpg 564w\" sizes=\"(max-width: 300px) 100vw, 300px\" \/><\/div><\/a>\n\t\t<\/div>\n\t<\/div>\n<div class=\"vc_custom_heading\" ><h2 style=\"font-size: 12px;text-align: left\" >Toit 3 pentes rayonnant sur poteaux b\u00e9ton<\/h2><\/div><\/div><\/div><\/div><\/div><\/div><\/div>\n","protected":false},"excerpt":{"rendered":"Nous \u00e9tudions tout type de charpente, de la plus simple \u00e0 la plus complexe. \u2022 Nos charpentes sont taill\u00e9es en [...]","protected":false},"author":1,"featured_media":0,"parent":0,"menu_order":0,"comment_status":"open","ping_status":"open","template":"","meta":[],"_links":{"self":[{"href":"https:\/\/scierie-nogaret.com\/index.php\/wp-json\/wp\/v2\/pages\/569"}],"collection":[{"href":"https:\/\/scierie-nogaret.com\/index.php\/wp-json\/wp\/v2\/pages"}],"about":[{"href":"https:\/\/scierie-nogaret.com\/index.php\/wp-json\/wp\/v2\/types\/page"}],"author":[{"embeddable":true,"href":"https:\/\/scierie-nogaret.com\/index.php\/wp-json\/wp\/v2\/users\/1"}],"replies":[{"embeddable":true,"href":"https:\/\/scierie-nogaret.com\/index.php\/wp-json\/wp\/v2\/comments?post=569"}],"version-history":[{"count":17,"href":"https:\/\/scierie-nogaret.com\/index.php\/wp-json\/wp\/v2\/pages\/569\/revisions"}],"predecessor-version":[{"id":1061,"href":"https:\/\/scierie-nogaret.com\/index.php\/wp-json\/wp\/v2\/pages\/569\/revisions\/1061"}],"wp:attachment":[{"href":"https:\/\/scierie-nogaret.com\/index.php\/wp-json\/wp\/v2\/media?parent=569"}],"curies":[{"name":"wp","href":"https:\/\/api.w.org\/{rel}","templated":true}]}}